{"id":948,"date":"2016-03-17T16:21:07","date_gmt":"2016-03-17T14:21:07","guid":{"rendered":"http:\/\/www.polizeichor-dresden.de\/?page_id=948"},"modified":"2025-05-13T14:22:52","modified_gmt":"2025-05-13T12:22:52","slug":"musikalische-chorleitung","status":"publish","type":"page","link":"https:\/\/www.polizeichor-dresden.de\/?page_id=948","title":{"rendered":"Die Musikalische Chorleitung"},"content":{"rendered":"<p style=\"text-align: left;\"><strong><\/strong><\/p>\n\n<div class=\"wp-block-image\">\n<figure class=\"alignleft size-large is-resized\"><a href=\"https:\/\/i0.wp.com\/www.polizeichor-dresden.de\/wp-content\/uploads\/2025\/05\/Hannes-Rauschenbach.jpg?ssl=1\" rel=\"lightbox[948]\"><img data-attachment-id=\"3270\" data-permalink=\"https:\/\/www.polizeichor-dresden.de\/?attachment_id=3270\" data-orig-file=\"https:\/\/i0.wp.com\/www.polizeichor-dresden.de\/wp-content\/uploads\/2025\/05\/Hannes-Rauschenbach.jpg?fit=688%2C1031&amp;ssl=1\" data-orig-size=\"688,1031\" data-comments-opened=\"1\" data-image-meta=\"{&quot;aperture&quot;:&quot;0&quot;,&quot;credit&quot;:&quot;&quot;,&quot;camera&quot;:&quot;&quot;,&quot;caption&quot;:&quot;&quot;,&quot;created_timestamp&quot;:&quot;0&quot;,&quot;copyright&quot;:&quot;&quot;,&quot;focal_length&quot;:&quot;0&quot;,&quot;iso&quot;:&quot;0&quot;,&quot;shutter_speed&quot;:&quot;0&quot;,&quot;title&quot;:&quot;&quot;,&quot;orientation&quot;:&quot;0&quot;}\" data-image-title=\"Hannes-Rauschenbach\" data-image-description=\"\" data-image-caption=\"\" data-medium-file=\"https:\/\/i0.wp.com\/www.polizeichor-dresden.de\/wp-content\/uploads\/2025\/05\/Hannes-Rauschenbach.jpg?fit=200%2C300&amp;ssl=1\" data-large-file=\"https:\/\/i0.wp.com\/www.polizeichor-dresden.de\/wp-content\/uploads\/2025\/05\/Hannes-Rauschenbach.jpg?fit=683%2C1024&amp;ssl=1\" decoding=\"async\" loading=\"lazy\" src=\"https:\/\/i0.wp.com\/www.polizeichor-dresden.de\/wp-content\/uploads\/2025\/05\/Hannes-Rauschenbach.jpg?resize=240%2C324&#038;ssl=1\" alt=\"Hannes Rauschenbach\" class=\"wp-image-3270\" width=\"240\" height=\"324\" data-recalc-dims=\"1\" \/><\/a><\/figure><\/div>\n\n\n<p><strong>1. Chorleiter<\/strong><\/p>\n\n\n\n<p><strong>Hannes Rauschelbach<\/strong> lebt f\u00fcr die Chormusik \u2013 als Dirigent, S\u00e4nger und Musikp\u00e4dagoge. Seine musikalische Reise begann in Jena, wo er das Klavierspiel erlernte und viele Jahre beim Knabenchor der Jenaer Philharmonie sang.<\/p>\n\n\n\n<p>Er studierte Chordirigieren an der Hochschule f\u00fcr Musik Carl Maria von Weber Dresden bei Prof. Hans-Christoph Rademann und Olaf Katzer. W\u00e4hrend des Studiums engagierte er sich vielseitig \u2013 als Mitglied des Landesjugendchores Sachsen, in der Zusammenarbeit mit dem Jungen Ensemble Dresden und als Leiter der Gospelnight Dresden. Zudem \u00fcbernahm er Vertretungen und Assistenzaufgaben, unter anderem f\u00fcr den Kinderchor der Landesb\u00fchnen Sachsen und den Knabenchor der Jenaer Philharmonie.<\/p>\n\n\n\n<p>Seit Januar 2025 ist er als Gesangs- und Klavierlehrer an den Musikschulen Mittelsachsen in Freiberg t\u00e4tig und leitet dort zwei Kinderch\u00f6re. Neben seiner p\u00e4dagogischen Arbeit widmet er sich weiterhin der Chormusik und neuen musikalischen Projekten.<\/p>\n\n\n\n<p>Im November 2024 hat uns Hannes Rauschelbach tatkr\u00e4ftig bei den Proben f\u00fcr die Weihnachtskonzerte in der Landesmusikakademie im Schloss Colditz unterst\u00fctzt.<\/p>\n\n\n<div class=\"wp-block-image\">\n<figure class=\"alignright\"><a href=\"https:\/\/i0.wp.com\/www.polizeichor-dresden.de\/wp-content\/uploads\/2021\/10\/image_50357249-scaled.jpg?ssl=1\" rel=\"lightbox[948]\"><img data-attachment-id=\"2330\" data-permalink=\"https:\/\/www.polizeichor-dresden.de\/?attachment_id=2330\" data-orig-file=\"https:\/\/i0.wp.com\/www.polizeichor-dresden.de\/wp-content\/uploads\/2021\/10\/image_50357249-scaled.jpg?fit=2166%2C2560&amp;ssl=1\" data-orig-size=\"2166,2560\" data-comments-opened=\"1\" data-image-meta=\"{&quot;aperture&quot;:&quot;0&quot;,&quot;credit&quot;:&quot;&quot;,&quot;camera&quot;:&quot;&quot;,&quot;caption&quot;:&quot;&quot;,&quot;created_timestamp&quot;:&quot;0&quot;,&quot;copyright&quot;:&quot;&quot;,&quot;focal_length&quot;:&quot;0&quot;,&quot;iso&quot;:&quot;0&quot;,&quot;shutter_speed&quot;:&quot;0&quot;,&quot;title&quot;:&quot;&quot;,&quot;orientation&quot;:&quot;1&quot;}\" data-image-title=\"image_50357249\" data-image-description=\"\" data-image-caption=\"\" data-medium-file=\"https:\/\/i0.wp.com\/www.polizeichor-dresden.de\/wp-content\/uploads\/2021\/10\/image_50357249-scaled.jpg?fit=254%2C300&amp;ssl=1\" data-large-file=\"https:\/\/i0.wp.com\/www.polizeichor-dresden.de\/wp-content\/uploads\/2021\/10\/image_50357249-scaled.jpg?fit=867%2C1024&amp;ssl=1\" decoding=\"async\" loading=\"lazy\" width=\"254\" height=\"300\" src=\"https:\/\/i0.wp.com\/www.polizeichor-dresden.de\/wp-content\/uploads\/2021\/10\/image_50357249.jpg?resize=254%2C300&#038;ssl=1\" alt=\"\" class=\"wp-image-2330\" srcset=\"https:\/\/i0.wp.com\/www.polizeichor-dresden.de\/wp-content\/uploads\/2021\/10\/image_50357249-scaled.jpg?resize=254%2C300&amp;ssl=1 254w, https:\/\/i0.wp.com\/www.polizeichor-dresden.de\/wp-content\/uploads\/2021\/10\/image_50357249-scaled.jpg?resize=867%2C1024&amp;ssl=1 867w, https:\/\/i0.wp.com\/www.polizeichor-dresden.de\/wp-content\/uploads\/2021\/10\/image_50357249-scaled.jpg?resize=768%2C908&amp;ssl=1 768w, https:\/\/i0.wp.com\/www.polizeichor-dresden.de\/wp-content\/uploads\/2021\/10\/image_50357249-scaled.jpg?resize=1300%2C1536&amp;ssl=1 1300w, https:\/\/i0.wp.com\/www.polizeichor-dresden.de\/wp-content\/uploads\/2021\/10\/image_50357249-scaled.jpg?resize=1733%2C2048&amp;ssl=1 1733w, https:\/\/i0.wp.com\/www.polizeichor-dresden.de\/wp-content\/uploads\/2021\/10\/image_50357249-scaled.jpg?w=2000&amp;ssl=1 2000w\" sizes=\"(max-width: 254px) 100vw, 254px\" data-recalc-dims=\"1\" \/><\/a><\/figure><\/div>\n\n\n<p class=\"has-text-align-left\"><strong>2. Chorleiterin<\/strong><\/p>\n\n\n\n<div class=\"page\" title=\"Page 3\">\n<div class=\"section\">\n<div class=\"layoutArea\">\n<div class=\"column\">\n<p>Unsere neue zweite Chorleiterin,&nbsp;<strong>Tatiana Boguta<\/strong>,&nbsp;geboren in Westrussland, singt seit ihrem sechsten Lebensjahr im Chor. Ihre erste professionelle Ausbildung erhielt sie an der Kirchenchorleitungsschule der Moskauer Orthodoxen Geistlichen Akademie. Das Anleiten von Ch\u00f6ren bei Gottesdiensten \u00fcbt sie seit ihrem 17. Lebensjahr aus.<\/p>\n<p>2019 schloss sie ihr Studium am Moskauer Tschaikowsky Konservatorium im Fach Chordirigieren bei Prof. L. Movchan mit Auszeichnung ab. Seit September 2019 studiert sie an der HfM Dresden in den Klassen von Prof. Hans-Christoph Rademann (Chordirigieren) und Prof. Georg Christoph Sandmann (Orchesterdirigieren).&nbsp;<\/p>\n<p>W\u00e4hrend ihres Studiums in Moskau besuchte sie Meisterkurse von Prof. Michael Shasberger\/Westmont, USA, Prof. Richard Mail\u00e4nder\/K\u00f6ln, Deutschland, Prof. Jonathan Griffith\/ New York, USA und Peter Fekula\/New York, USA. Parallel dazu arbeitete sie mit dem Universit\u00e4tschor des Moskauer Konservatoriums und leitete verschiedene Amateurch\u00f6re.<\/p>\n<p>Ebenso sang sie in einem Trio, mit welchem sie regelm\u00e4\u00dfig Auslandsreisen nach Stra\u00dfburg (Frankreich) unternahm. 2020 gr\u00fcndete Tatiana Boguta in Dresden ein Vokalenensemble \u201eOrfeo Quintett\u201c, der sich der Musik aus der Renaissance-Zeit gewidmet hat. Seit 2021 ist Tatiana Boguta Stipendiatin des Dirigentenforums.<\/p>\n<\/div>\n<\/div>\n<\/div>\n<\/div>\n\n\n\n<p><\/p>\n","protected":false},"excerpt":{"rendered":"<p>1. Chorleiter Hannes Rauschelbach lebt f\u00fcr die Chormusik \u2013 als Dirigent, S\u00e4nger und Musikp\u00e4dagoge. Seine musikalische Reise begann in Jena, wo er das Klavierspiel erlernte und viele Jahre beim Knabenchor der Jenaer Philharmonie sang. Er studierte Chordirigieren an der Hochschule f\u00fcr Musik Carl Maria von Weber Dresden bei Prof. Hans-Christoph Rademann und Olaf Katzer. W\u00e4hrend [&hellip;]<\/p>\n","protected":false},"author":2,"featured_media":0,"parent":24,"menu_order":0,"comment_status":"closed","ping_status":"closed","template":"","meta":{"ngg_post_thumbnail":0,"jetpack_post_was_ever_published":false},"aioseo_notices":[],"jetpack_shortlink":"https:\/\/wp.me\/P32b0X-fi","jetpack_sharing_enabled":true,"_links":{"self":[{"href":"https:\/\/www.polizeichor-dresden.de\/index.php?rest_route=\/wp\/v2\/pages\/948"}],"collection":[{"href":"https:\/\/www.polizeichor-dresden.de\/index.php?rest_route=\/wp\/v2\/pages"}],"about":[{"href":"https:\/\/www.polizeichor-dresden.de\/index.php?rest_route=\/wp\/v2\/types\/page"}],"author":[{"embeddable":true,"href":"https:\/\/www.polizeichor-dresden.de\/index.php?rest_route=\/wp\/v2\/users\/2"}],"replies":[{"embeddable":true,"href":"https:\/\/www.polizeichor-dresden.de\/index.php?rest_route=%2Fwp%2Fv2%2Fcomments&post=948"}],"version-history":[{"count":14,"href":"https:\/\/www.polizeichor-dresden.de\/index.php?rest_route=\/wp\/v2\/pages\/948\/revisions"}],"predecessor-version":[{"id":3273,"href":"https:\/\/www.polizeichor-dresden.de\/index.php?rest_route=\/wp\/v2\/pages\/948\/revisions\/3273"}],"up":[{"embeddable":true,"href":"https:\/\/www.polizeichor-dresden.de\/index.php?rest_route=\/wp\/v2\/pages\/24"}],"wp:attachment":[{"href":"https:\/\/www.polizeichor-dresden.de\/index.php?rest_route=%2Fwp%2Fv2%2Fmedia&parent=948"}],"curies":[{"name":"wp","href":"https:\/\/api.w.org\/{rel}","templated":true}]}}

<p style="text-align: left;"><strong></strong></p>

<div class="wp-block-image">
<figure class="alignleft size-large is-resized"><a href="https://i0.wp.com/www.polizeichor-dresden.de/wp-content/uploads/2025/05/Hannes-Rauschenbach.jpg?ssl=1" rel="lightbox[948]"><img data-attachment-id="3270" data-permalink="https://www.polizeichor-dresden.de/?attachment_id=3270" data-orig-file="https://i0.wp.com/www.polizeichor-dresden.de/wp-content/uploads/2025/05/Hannes-Rauschenbach.jpg?fit=688%2C1031&amp;ssl=1" data-orig-size="688,1031" data-comments-opened="1" data-image-meta="{&quot;aperture&quot;:&quot;0&quot;,&quot;credit&quot;:&quot;&quot;,&quot;camera&quot;:&quot;&quot;,&quot;caption&quot;:&quot;&quot;,&quot;created_timestamp&quot;:&quot;0&quot;,&quot;copyright&quot;:&quot;&quot;,&quot;focal_length&quot;:&quot;0&quot;,&quot;iso&quot;:&quot;0&quot;,&quot;shutter_speed&quot;:&quot;0&quot;,&quot;title&quot;:&quot;&quot;,&quot;orientation&quot;:&quot;0&quot;}" data-image-title="Hannes-Rauschenbach" data-image-description="" data-image-caption="" data-medium-file="https://i0.wp.com/www.polizeichor-dresden.de/wp-content/uploads/2025/05/Hannes-Rauschenbach.jpg?fit=200%2C300&amp;ssl=1" data-large-file="https://i0.wp.com/www.polizeichor-dresden.de/wp-content/uploads/2025/05/Hannes-Rauschenbach.jpg?fit=683%2C1024&amp;ssl=1" decoding="async" loading="lazy" src="https://i0.wp.com/www.polizeichor-dresden.de/wp-content/uploads/2025/05/Hannes-Rauschenbach.jpg?resize=240%2C324&#038;ssl=1" alt="Hannes Rauschenbach" class="wp-image-3270" width="240" height="324" data-recalc-dims="1" /></a></figure></div>


<p><strong>1. Chorleiter</strong></p>



<p><strong>Hannes Rauschelbach</strong> lebt für die Chormusik – als Dirigent, Sänger und Musikpädagoge. Seine musikalische Reise begann in Jena, wo er das Klavierspiel erlernte und viele Jahre beim Knabenchor der Jenaer Philharmonie sang.</p>



<p>Er studierte Chordirigieren an der Hochschule für Musik Carl Maria von Weber Dresden bei Prof. Hans-Christoph Rademann und Olaf Katzer. Während des Studiums engagierte er sich vielseitig – als Mitglied des Landesjugendchores Sachsen, in der Zusammenarbeit mit dem Jungen Ensemble Dresden und als Leiter der Gospelnight Dresden. Zudem übernahm er Vertretungen und Assistenzaufgaben, unter anderem für den Kinderchor der Landesbühnen Sachsen und den Knabenchor der Jenaer Philharmonie.</p>



<p>Seit Januar 2025 ist er als Gesangs- und Klavierlehrer an den Musikschulen Mittelsachsen in Freiberg tätig und leitet dort zwei Kinderchöre. Neben seiner pädagogischen Arbeit widmet er sich weiterhin der Chormusik und neuen musikalischen Projekten.</p>



<p>Im November 2024 hat uns Hannes Rauschelbach tatkräftig bei den Proben für die Weihnachtskonzerte in der Landesmusikakademie im Schloss Colditz unterstützt.</p>


<div class="wp-block-image">
<figure class="alignright"><a href="https://i0.wp.com/www.polizeichor-dresden.de/wp-content/uploads/2021/10/image_50357249-scaled.jpg?ssl=1" rel="lightbox[948]"><img data-attachment-id="2330" data-permalink="https://www.polizeichor-dresden.de/?attachment_id=2330" data-orig-file="https://i0.wp.com/www.polizeichor-dresden.de/wp-content/uploads/2021/10/image_50357249-scaled.jpg?fit=2166%2C2560&amp;ssl=1" data-orig-size="2166,2560" data-comments-opened="1" data-image-meta="{&quot;aperture&quot;:&quot;0&quot;,&quot;credit&quot;:&quot;&quot;,&quot;camera&quot;:&quot;&quot;,&quot;caption&quot;:&quot;&quot;,&quot;created_timestamp&quot;:&quot;0&quot;,&quot;copyright&quot;:&quot;&quot;,&quot;focal_length&quot;:&quot;0&quot;,&quot;iso&quot;:&quot;0&quot;,&quot;shutter_speed&quot;:&quot;0&quot;,&quot;title&quot;:&quot;&quot;,&quot;orientation&quot;:&quot;1&quot;}" data-image-title="image_50357249" data-image-description="" data-image-caption="" data-medium-file="https://i0.wp.com/www.polizeichor-dresden.de/wp-content/uploads/2021/10/image_50357249-scaled.jpg?fit=254%2C300&amp;ssl=1" data-large-file="https://i0.wp.com/www.polizeichor-dresden.de/wp-content/uploads/2021/10/image_50357249-scaled.jpg?fit=867%2C1024&amp;ssl=1" decoding="async" loading="lazy" width="254" height="300" src="https://i0.wp.com/www.polizeichor-dresden.de/wp-content/uploads/2021/10/image_50357249.jpg?resize=254%2C300&#038;ssl=1" alt="" class="wp-image-2330" srcset="https://i0.wp.com/www.polizeichor-dresden.de/wp-content/uploads/2021/10/image_50357249-scaled.jpg?resize=254%2C300&amp;ssl=1 254w, https://i0.wp.com/www.polizeichor-dresden.de/wp-content/uploads/2021/10/image_50357249-scaled.jpg?resize=867%2C1024&amp;ssl=1 867w, https://i0.wp.com/www.polizeichor-dresden.de/wp-content/uploads/2021/10/image_50357249-scaled.jpg?resize=768%2C908&amp;ssl=1 768w, https://i0.wp.com/www.polizeichor-dresden.de/wp-content/uploads/2021/10/image_50357249-scaled.jpg?resize=1300%2C1536&amp;ssl=1 1300w, https://i0.wp.com/www.polizeichor-dresden.de/wp-content/uploads/2021/10/image_50357249-scaled.jpg?resize=1733%2C2048&amp;ssl=1 1733w, https://i0.wp.com/www.polizeichor-dresden.de/wp-content/uploads/2021/10/image_50357249-scaled.jpg?w=2000&amp;ssl=1 2000w" sizes="(max-width: 254px) 100vw, 254px" data-recalc-dims="1" /></a></figure></div>


<p class="has-text-align-left"><strong>2. Chorleiterin</strong></p>



<div class="page" title="Page 3">
<div class="section">
<div class="layoutArea">
<div class="column">
<p>Unsere neue zweite Chorleiterin,&nbsp;<strong>Tatiana Boguta</strong>,&nbsp;geboren in Westrussland, singt seit ihrem sechsten Lebensjahr im Chor. Ihre erste professionelle Ausbildung erhielt sie an der Kirchenchorleitungsschule der Moskauer Orthodoxen Geistlichen Akademie. Das Anleiten von Chören bei Gottesdiensten übt sie seit ihrem 17. Lebensjahr aus.</p>
<p>2019 schloss sie ihr Studium am Moskauer Tschaikowsky Konservatorium im Fach Chordirigieren bei Prof. L. Movchan mit Auszeichnung ab. Seit September 2019 studiert sie an der HfM Dresden in den Klassen von Prof. Hans-Christoph Rademann (Chordirigieren) und Prof. Georg Christoph Sandmann (Orchesterdirigieren).&nbsp;</p>
<p>Während ihres Studiums in Moskau besuchte sie Meisterkurse von Prof. Michael Shasberger/Westmont, USA, Prof. Richard Mailänder/Köln, Deutschland, Prof. Jonathan Griffith/ New York, USA und Peter Fekula/New York, USA. Parallel dazu arbeitete sie mit dem Universitätschor des Moskauer Konservatoriums und leitete verschiedene Amateurchöre.</p>
<p>Ebenso sang sie in einem Trio, mit welchem sie regelmäßig Auslandsreisen nach Straßburg (Frankreich) unternahm. 2020 gründete Tatiana Boguta in Dresden ein Vokalenensemble „Orfeo Quintett“, der sich der Musik aus der Renaissance-Zeit gewidmet hat. Seit 2021 ist Tatiana Boguta Stipendiatin des Dirigentenforums.</p>
</div>
</div>
</div>
</div>



<p></p>

<p>1. Chorleiter Hannes Rauschelbach lebt für die Chormusik – als Dirigent, Sänger und Musikpädagoge. Seine musikalische Reise begann in Jena, wo er das Klavierspiel erlernte und viele Jahre beim Knabenchor der Jenaer Philharmonie sang. Er studierte Chordirigieren an der Hochschule für Musik Carl Maria von Weber Dresden bei Prof. Hans-Christoph Rademann und Olaf Katzer. Während [&hellip;]</p>
